mon divisor of 156 and 84982989?
39
Calculate the greatest common factor of 16 and 16428528.
16
What is the greatest common factor of 3919838 and 4227?
1409
Calculate the highest common factor of 63658821 and 12.
3
What is the highest common divisor of 67649085 and 90?
45
Calculate the greatest common divisor of 95 and 541443.
19
What is the highest common divisor of 342 and 111459?
3
What is the highest common factor of 12282 and 382878?
534
What is the highest common factor of 5322591 and 5589?
1863
What is the highest common factor of 151712 and 1989496?
3448
Calculate the highest common divisor of 39 and 184410.
3
Calculate the greatest common factor of 443210 and 82685.
115
What is the highest common factor of 20506484 and 33988?
1172
Calculate the greatest common divisor of 17306 and 450.
2
What is the highest common divisor of 20 and 100475380?
20
What is the greatest common factor of 7 and 11731335?
7
What is the highest common factor of 4339554 and 66?
6
Calculate the highest common divisor of 732857 and 87666.
769
Calculate the highest common divisor of 3132 and 815076.
108
Calculate the greatest common factor of 527 and 2440219219.
527
What is the greatest common divisor of 8744 and 9892?
4
What is the greatest common factor of 11990091 and 17841?
939
Calculate the highest common factor of 798184790 and 39.
13
What is the highest common divisor of 56086442 and 3116?
1558
What is the greatest common factor of 1509071 and 67?
1
What is the greatest common divisor of 1779 and 8379090?
1779
What is the highest common factor of 294 and 13172670?
294
What is the highest common factor of 7811 and 4495177?
107
Calculate the greatest common divisor of 1568 and 1707650.
98
Calculate the greatest common divisor of 212868 and 1982394.
486
What is the greatest common factor of 1451739 and 43798?
61
What is the greatest common divisor of 21219229 and 12633?
4211
Calculate the greatest common factor of 1210862 and 296.
74
What is the greatest common divisor of 41723571 and 687?
687
Calculate the greatest common factor of 5805 and 110.
5
Calculate the greatest common factor of 11076061 and 1073.
37
Calculate the highest common factor of 110933 and 1.
1
Calculate the highest common factor of 2052 and 167362146.
1026
Calculate the greatest common divisor of 29228166 and 198.
198
What is the highest common factor of 50095 and 4528115?
215
What is the greatest common factor of 410917 and 95849?
949
Calculate the highest common factor of 2100 and 529425.
75
Calculate the highest common divisor of 9673814 and 74302.
766
Calculate the greatest common factor of 47991250 and 38750.
1250
What is the greatest common divisor of 4096 and 2089376?
32
What is the highest common divisor of 189 and 3017329?
7
What is the greatest common divisor of 133 and 9692793?
19
What is the highest common divisor of 10374883 and 201?
67
What is the greatest common factor of 51856 and 11210156?
1852
What is the greatest common divisor of 119260 and 359204?
356
What is the highest common divisor of 15924 and 134898?
6
Calculate the greatest common factor of 801 and 8866161.
9
Calculate the greatest common divisor of 2 and 48871316.
2
Calculate the greatest common factor of 30135 and 13867.
49
What is the highest common factor of 201116 and 91750?
734
What is the greatest common divisor of 393507 and 39537?
207
Calculate the highest common divisor of 40 and 30816180.
20
What is the greatest common factor of 550 and 2762350?
50
Calculate the greatest common factor of 24409392 and 336.
336
What is the highest common factor of 58344 and 1661206?
34
What is the highest common divisor of 4940 and 14838620?
380
Calculate the highest common factor of 7315220 and 849520.
820
What is the highest common factor of 88 and 103105684?
44
What is the greatest common factor of 1981036 and 1472?
92
What is the greatest common factor of 98486 and 2944?
46
Calculate the highest common divisor of 1757002 and 806.
26
Calculate the highest common divisor of 1108480 and 125.
5
What is the greatest common divisor of 29667 and 1017668?
899
What is the highest common factor of 48 and 85671672?
24
What is the highest common divisor of 2184 and 671216?
728
What is the greatest common divisor of 539 and 67414347?
539
What is the greatest common factor of 4 and 33188108?
4
Calculate the highest common factor of 63648651 and 165.
33
What is the greatest common factor of 2015835230 and 230?
230
Calculate the highest common divisor of 380 and 31640.
20
What is the greatest common factor of 905062 and 162?
2
What is the highest common factor of 4238 and 134342?
26
What is the highest common divisor of 5073 and 68064441?
5073
What is the highest common divisor of 94445 and 147940?
65
Calculate the highest common divisor of 1428 and 20702073.
357
Calculate the highest common factor of 179655694 and 68.
34
Calculate the highest common divisor of 56 and 11290112.
8
What is the highest common divisor of 7806009 and 13719?
51
Calculate the greatest common factor of 485 and 40340.
5
Calculate the highest common divisor of 211684 and 74146.
566
Calculate the greatest common divisor of 8 and 736712792.
8
What is the greatest common factor of 75 and 38265855?
15
Calculate the highest common factor of 2488955 and 7595.
245
What is the highest common factor of 109290 and 978?
6
What is the greatest common factor of 32 and 283321832?
8
What is the greatest common factor of 1747400 and 325?
25
What is the greatest common divisor of 285252 and 3193958?
4322
Calculate the greatest common factor of 84 and 36957588.
12
Calculate the greatest common divisor of 873 and 52448191.
97
Calculate the highest common factor of 3953 and 8846.
1
What is the highest common divisor of 555126988 and 9204?
3068
Calculate the greatest common factor of 13371008 and 384.
128
What is the highest common divisor of 1036 and 8077285?
37
Calculate the greatest common divisor of 21323590 and 12.
2
What is the highest common factor of 458 and 38639628?
458
What is the greatest common factor of 1744 and 5215759?
109
What is the greatest common factor of 266 and 329118?
38
Calculate the greatest common factor of 5411994 and 30.
6
What is the greatest common factor of 6781744 and 20?
4
What is the highest common factor of 1899145 and 15390?
95
What is the highest common factor of 96 and 46593948?
12
What is the greatest common divisor of 36961 and 230897?
23
What is the greatest common divisor of 2323680 and 4700?
940
What is the greatest common factor of 14560 and 42423680?
2080
Calculate the highest common divisor of 10023 and 446277.
39
What is the greatest common factor of 280 and 22078378?
14
What is the greatest common divisor of 708608 and 2076?
692
What is the greatest common factor of 2994654 and 286?
26
What is the greatest common factor of 8202012 and 101972?
1924
Calculate the greatest common factor of 1711 and 47769409.
1711
Calculate the greatest common divisor of 5892 and 316247699.
491
What is the greatest common factor of 48 and 71822844?
12
Calculate the greatest common factor of 3 and 88640481.
3
Calculate the greatest common divisor of 2117059 and 90013.
1169
What is the highest common divisor of 48470 and 280090?
370
Calculate the highest common factor of 5686920 and 161280.
360
Calculate the greatest common divisor of 26744803 and 10907.
839
Calculate the highest common divisor of 32372482 and 7916.
3958
What is the highest common divisor of 31324 and 1351852?
164
Calculate the highest common divisor of 69 and 123699.
3
What is the highest common divisor of 1162176 and 736?
32
What is the greatest common factor of 9534 and 741846?
42
What is the greatest common divisor of 32 and 702742448?
16
Calculate the highest common divisor of 129 and 217623043.
43
What is the greatest common divisor of 2968 and 30278052?
1484
What is the greatest common divisor of 5639193 and 1?
1
Calculate the highest common factor of 108059 and 257915.
7
What is the greatest common divisor of 2924 and 49299758?
86
What is the highest common factor of 30389540 and 680?
340
Calculate the greatest common divisor of 157260 and 122040.
60
What is the greatest common factor of 1758678304 and 2432?
608
Calculate the highest common factor of 28825 and 97520740.
576